ose -2*q + 6*q - 56 = g. What is the highest common divisor of j and q?
14
Suppose -4*w = -w - o - 24, -w - 2 = 3*o. Suppose -4 = -5*p + 171. What is the highest common divisor of p and w?
7
Let c be 3 + -1 + (-5 - -21). Suppose 4*m - 38 - c = 0. What is the highest common factor of m and 112?
14
Let m(y) = y**2 + 4*y + 3. Let b be m(-3). Let h = b + 7. Let p = h - 6. Calculate the highest common divisor of 8 and p.
1
Let j = -2 + 8. Let a = j + 9. Calculate the greatest common divisor of a and 165.
15
Let p(q) = -q + 26. Let x be p(10). What is the highest common divisor of 8 and x?
8
Suppose 0 = 2*a - 8 - 4. Calculate the highest common factor of 4 and a.
2
Suppose v + 5 = 11. Calculate the greatest common divisor of v and 24.
6
Suppose -2*c = -15 + 3. Suppose -4*h + 83 = 5*r + c, 2*r - 75 = -5*h. What is the greatest common factor of 65 and h?
13
Suppose 0*c - 7 = -c. Suppose 4*i = 3*z - 0 - 26, 3*i = z - c. What is the highest common factor of 20 and z?
10
Suppose 3*a + 20 = 317. What is the highest common factor of a and 66?
33
Suppose 5*x - p = -0*x + 128, -p = 3*x - 80. Let o = -14 + x. What is the greatest common divisor of 96 and o?
12
Suppose -3*n = 2*n - 75. Suppose 218 = 2*h + 208. Calculate the highest common divisor of h and n.
5
Let a be ((-304)/64)/((-1)/4). Let f = -56 + 113. What is the highest common divisor of f and a?
19
Let z be 12*(-1 - (-27)/6). Let h = -54 + 159. What is the greatest common factor of h and z?
21
Let o be 176 - 3/((-15)/20). What is the greatest common divisor of 72 and o?
36
Let h(b) = -b - 3. Let a be h(-9). Calculate the highest common divisor of a and 24.
6
Suppose 6*b + 19 = 133. Let q(y) = -30*y - 9. Let i be q(-6). What is the highest common divisor of b and i?
19
Let o(k) = 4*k - 2. Let n be o(1). Suppose u + 5 = 4*z, z = 1 + n. Let x = 29 - -20. Calculate the greatest common divisor of u and x.
7
Let l = -13 + 34. Calculate the highest common divisor of l and 231.
21
Let c(t) = -t**2 - 8*t - 8. Let g be c(-6). Let k = g + 0. Suppose s - 6 = -k. What is the highest common divisor of 10 and s?
2
Let r(u) = u**2 - 13*u - 18. Let d be r(15). Suppose 2*c + c + 4*b = 400, -3*b = -2*c + 261. Calculate the greatest common divisor of d and c.
12
Suppose 0 = 3*w + 2*v - 18 + 2, -5*w - v = -22. What is the highest common divisor of w and 4?
4
Let k = 0 - -3. Let j(c) = -c**2 + 5*c - 2. Let x be j(k). What is the greatest common factor of x and 28?
4
Let p be (-44)/(-6) - (-2)/(-6). Let k = 83 + -76. Calculate the greatest common divisor of k and p.
7
Let p(k) be the first derivative of 25*k**3/3 - k + 4. Let b be p(1). What is the highest common factor of 16 and b?
8
Suppose 12*a = 2*a + 1960. Calculate the greatest common divisor of 49 and a.
49
Suppose i + 9*i - 2200 = 0. What is the highest common factor of 10 and i?
10
Let q = 11 - 6. Suppose -q*x - 11 = 4*y - 1, -x - 2 = 5*y. Let m be 4/x*84/(-8). What is the highest common divisor of 84 and m?
21
Let h(s) = -s**3 - 6*s**2 - 5*s - 1. Let k be h(-5). Let m be ((-3 - -2) + -3)/k. Suppose m*z + 76 = 8*z. Calculate the highest common factor of 171 and z.
19
Let g be (-63 - -66) + (25 - 0)/1. Calculate the greatest common factor of g and 14.
14
Suppose -3*j = 9, -2*r + 0*r + 39 = j. Let c = -9 + r. Calculate the greatest common divisor of c and 30.
6
Let l(x) = -x**3 + 9*x**2 - 8*x + 15. Let j be l(7). What is the greatest common divisor of j and 57?
57
Let b be 1/((24/100)/6). What is the highest common divisor of 25 and b?
25
Let h be (-51)/(-1) - (0 + 3). Suppose 7*t = 10*t - h. What is the highest common divisor of 8 and t?
8
Suppose 5*h + 31 = 3*t, 2*t = 3*h - 2*h + 9. Let v = 9 - 6. What is the highest common divisor of t and v?
1
Suppose 2 + 2 = 2*u. Suppose -2*j + 20 = u*w, -j + 0*w + 4 = 4*w. Let p = -3 + 9. What is the highest common divisor of j and p?
6
Let l(a) = -5*a - 3. Let p = -2 - 6. Let d be -4*(0 - 10/p). Let w be l(d). What is the greatest common factor of 11 and w?
11
Suppose 9*a + 423 - 1620 = 0. Calculate the greatest common factor of a and 19.
19
Let v be 11/33 - (-34)/6. What is the highest common factor of v and 102?
6
Let y = -5 - -8. Let c be (y/4)/((-4)/(-160)). Suppose 30 = -2*i + 4*i. Calculate the highest common divisor of c and i.
15
Let w = 126 - 90. Calculate the highest common divisor of 24 and w.
12
Let g = -36 + 111. Calculate the highest common divisor of g and 15.
15
Let i = 22 - -18. What is the greatest common factor of i and 10?
10
Let v(w) = w**2. Let u be v(2). Suppose 5*y - 8 = -5*k + 12, 0 = -u*k + 3*y + 23. What is the greatest common factor of 5 and k?
5
Let o(y) = y**2 - 2*y + 1. Let n be o(-3). Suppose -5*x = -2*x - 198. Let i = 98 - x. What is the greatest common divisor of i and n?
16
Suppose l + 425 = 6*l. Suppose 5*k + 157 + 157 = 4*m, m = -2*k + l. What is the highest common divisor of 9 and m?
9
Let p be -4 - -3 - -280 - (-2 + 1). Calculate the highest common divisor of 40 and p.
40
Let s be (-16)/(-6) + (-2)/(-6). Suppose o + 2*o = s*g + 294, 3*o - 282 = -g. Let f = -9 - -28. Calculate the greatest common factor of o and f.
19
Let r be (-96)/6 + (-4)/(-1). Let l = -2 - r. Calculate the greatest common factor of l and 10.
10
Let l = -65 + 95. Let i = -14 + l. Calculate the greatest common divisor of i and 176.
16
Suppose 0 = -3*t - 4*h + 92, -t - t + 64 = 2*h. Calculate the highest common factor of 9 and t.
9
Suppose -97 = -3*u + 4*x, -4 = 3*x - 2*x. Let j(a) = -4*a - 1. Let i be j(-1). Calculate the greatest common divisor of i and u.
3
Suppose -7*l + 30 = -2*l. Let o(r) = 2*r + 1. Let s be o(l). Suppose 260 = 51*c - 46*c. Calculate the highest common divisor of s and c.
13
Let y = -17 - -32. Let s = 91 + -61. What is the greatest common divisor of y and s?
15
Suppose -3*u - t = 0, 8*u + 5*t = 3*u. Suppose u = -2*i + 9 + 3. Calculate the greatest common divisor of 4 and i.
2
Let b(q) = q**3 - 9*q**2 - 10*q. Let a be b(10). Suppose a*i = 3*i - 216. What is the greatest common divisor of i and 9?
9
Let g be (-2010)/(-40) - 3/(-4). Calculate the greatest common factor of g and 17.
17
Let c be 2/9 + 92/(-9). Let a(d) = -d - 5. Let r be a(c). Let l = r - -10. Calculate the highest common divisor of l and 165.
15
Let m = 12 + 34. Let p = m - 20. Calculate the greatest common divisor of p and 13.
13
Suppose 5*v = 0, 8*v - 3*v = -4*t - 36. Let x = 13 - t. What is the highest common divisor of 2 and x?
2
Suppose -q = 5*y - 10, -2*y = q - 2*q - 18. Let a = q + 30. Suppose 0 = -4*z + 6*z - a. Calculate the highest common factor of z and 70.
10
Let p be (-1)/1 - (-7 - 0). Suppose 0 = -p*f + f + 90. Suppose -5*a + 229 = -0*a + 4*j, -5*j = a - 50. What is the highest common factor of a and f?
9
Let b(p) = p - 4*p**2 - p**3 - 1 - 5 + p. Let h be b(-5). Let m = 54 - h. Calculate the greatest common factor of 30 and m.
15
Suppose -j - 224 = -3*j. Let c(i) = 2*i - 18. Let x(z) = 3*z - 17. Let h(k) = -5*c(k) + 6*x(k). Let s be h(5). Calculate the highest common divisor of j and s.
28
Let w(k) = -k**3 + 14*k**2 - 3*k + 17. Let o be w(13). Suppose 4*p - 75 = 3*g, 0 = 5*p - 0*p - 4*g - 93. What is the highest common divisor of o and p?
21
Suppose -5*q + 143 = -4*u, -u + 108 = 3*q + 4*u. What is the highest common factor of q and 155?
31
Suppose -g = -2*t + 4*t + 3, 5*t = -5*g - 10. Let p be 0/g + (-1 - -16). Suppose -4 = h - p. What is the greatest common divisor of h and 33?
11
Let m be (0 - 8)*(4 + -5). Calculate the highest common divisor of 2 and m.
2
Let h(o) = 123*o + 3. Let l be h(1). What is the greatest common factor of 18 and l?
18
Let q = -17 + 28. Let b = -7 + 9. Let r be ((-1)/b)/((-1)/198). What is the greatest common divisor of r and q?
11
Let d be ((-15)/(-4))/((-6)/16). Let c = -6 - d. Suppose 4*y - 40 = -y. What is the highest common factor of c and y?
4
Let d(r) = -2*r + 1. Let p be d(2). Suppose 27 = 5*t + 4*h, -5*h = -4 + 14. Let w = t - p. Calculate the greatest common divisor of w and 30.
10
Let d be 4/((-12)/195) + -2. Let o be d/(1 - 0) + 2. Let m = o + 137. What is the highest common divisor of 12 and m?
12
Let t = 17 + -6. Suppose 3 = -3*h - 9. Let g = t + h. Calculate the highest common factor of g and 28.
7
Let g(u) = u**3 + 7*u**2 - 2*u. Let f be g(-7). Calculate the highest common fa